{"id":14,"date":"2016-04-15T11:13:30","date_gmt":"2016-04-15T09:13:30","guid":{"rendered":"http:\/\/localhost\/www\/sigmeo\/trener-osiedlowy-wordpress\/?page_id=14"},"modified":"2025-04-28T15:58:43","modified_gmt":"2025-04-28T13:58:43","slug":"http-trener-awf-poznan-pl-osiedlowy-wp-content-uploads-2020-06-regulamin-uczestnictwa-w-programie-t-o-2020-pdf","status":"publish","type":"page","link":"https:\/\/trener.awf.poznan.pl\/osiedlowy\/http-trener-awf-poznan-pl-osiedlowy-wp-content-uploads-2020-06-regulamin-uczestnictwa-w-programie-t-o-2020-pdf\/","title":{"rendered":"Regulamin"},"content":{"rendered":"<p><strong><a href=\"http:\/\/trener.awf.poznan.pl\/osiedlowy\/wp-content\/uploads\/2025\/04\/Regulamin-uczestnictwa-w-programie-T.O-2025.pdf\">Regulamin uczestnictwa w programie Trener Osiedlowy<\/a><\/strong><\/p>\n<ol>\n<li>\u201eTrener Osiedlowy, Trener Senioralny.\u201d jest projektem realizowanym przez Fundacj\u0119 na rzecz Akademii Wychowania Fizycznego im. Eugeniusza Piaseckiego w Poznaniu a finansowanym ze \u015brodk\u00f3w Wydzia\u0142u Sportu Urz\u0119du Miasta Poznania w ramach Pozna\u0144skiego Bud\u017cetu Obywatelskiego.<\/li>\n<li>Zaj\u0119cia maj\u0105 charakter animacji czasu wolnego dla dzieci i m\u0142odzie\u017cy, mog\u0105 mie\u0107 form\u0119 stacjonarn\u0105 lub wyj\u015bciow\u0105 .<\/li>\n<li>Dzieci i m\u0142odzie\u017c w czasie animacji <strong><u>nie znajduj\u0105 si\u0119 pod opiek\u0105<\/u><\/strong> w prawnym tego s\u0142owa znaczeniu, animatora, za wyj\u0105tkiem zorganizowanych wyj\u015b\u0107.<\/li>\n<li>Poprzez umo\u017cliwienie uczestnictwa w zaj\u0119ciach rodzic lub opiekun prawny dziecka o\u015bwiadcza, \u017ce jego dziecko jest zdrowe i nie ma przeciwwskaza\u0144 zdrowotnych do udzia\u0142u w zaj\u0119ciach.<\/li>\n<li>Szczeg\u00f3\u0142owy plan i program animacji oraz przyporz\u0105dkowany dla ka\u017cdego boiska animator, znajduje si\u0119 na stronie internetowej programu www.trener.awf.poznan.pl.<\/li>\n<li>Dzieci i m\u0142odzie\u017c w animacji uczestnicz\u0105: na w\u0142asn\u0105 odpowiedzialno\u015b\u0107, w przypadku os\u00f3b pe\u0142noletnich, b\u0105d\u017a na odpowiedzialno\u015b\u0107 rodzic\u00f3w lub opiekun\u00f3w prawnych, w przypadku os\u00f3b niepe\u0142noletnich.<\/li>\n<li>Osoby, kt\u00f3re decyduj\u0105 si\u0119 uczestniczy\u0107 w animacji, maj\u0105 bezwzgl\u0119dny obowi\u0105zek stosowania si\u0119 do polece\u0144 wydawanych przez animator\u00f3w \u201eTrener\u00f3w Osiedlowych\u201d.<\/li>\n<li>W czasie uczestnictwa w animacji obowi\u0105zuje bezwzgl\u0119dny zakaz spo\u017cywania b\u0105d\u017a bycia pod wp\u0142ywem alkoholu czy \u015brodk\u00f3w odurzaj\u0105cych oraz palenia tytoniu w tym r\u00f3wnie\u017c\u00a0 papieros\u00f3w elektronicznych.<\/li>\n<li>W czasie animacji uczestnicy powinni posiada\u0107 odzie\u017c i obuwie sportowe.<\/li>\n<li>W czasie animacji uczestnik\u00f3w obowi\u0105zuje kultura osobista oraz zakaz u\u017cywania niecenzuralnych wyraz\u00f3w.<\/li>\n<li>Uczestnictwo w animacji oraz imprezach realizowanych w ramach programu jest jednoznaczne z wyra\u017ceniem zgody na: upublicznianie swojego wizerunku przez uczestnika na potrzeby promocji projektu oraz sprawozdawczo\u015bci, zgodnie z \u00a0ustaw\u0105 z dnia 4 lutego 1994 r. o prawie autorskim i prawach pokrewnych.<\/li>\n<li>Uczestnictwo w zaj\u0119ciach jest dobrowolne i jednoznaczne z akceptacj\u0105 powy\u017cszego regulaminu.<\/li>\n<\/ol>\n<p>&nbsp;<\/p>\n<p>&nbsp;<\/p>\n","protected":false},"excerpt":{"rendered":"<p>Regulamin uczestnictwa w programie Trener Osiedlowy \u201eTrener Osiedlowy, Trener Senioralny.\u201d jest projektem realizowanym przez Fundacj\u0119 na rzecz Akademii Wychowania Fizycznego im. Eugeniusza Piaseckiego w Poznaniu a finansowanym ze \u015brodk\u00f3w Wydzia\u0142u Sportu Urz\u0119du Miasta Poznania w ramach Pozna\u0144skiego Bud\u017cetu Obywatelskiego. Zaj\u0119cia maj\u0105 charakter animacji czasu wolnego dla dzieci i m\u0142odzie\u017cy, mog\u0105 mie\u0107 form\u0119 stacjonarn\u0105 lub wyj\u015bciow\u0105 [&hellip;]<\/p>\n","protected":false},"author":1,"featured_media":0,"parent":0,"menu_order":0,"comment_status":"closed","ping_status":"closed","template":"","meta":{"footnotes":""},"_links":{"self":[{"href":"https:\/\/trener.awf.poznan.pl\/osiedlowy\/wp-json\/wp\/v2\/pages\/14"}],"collection":[{"href":"https:\/\/trener.awf.poznan.pl\/osiedlowy\/wp-json\/wp\/v2\/pages"}],"about":[{"href":"https:\/\/trener.awf.poznan.pl\/osiedlowy\/wp-json\/wp\/v2\/types\/page"}],"author":[{"embeddable":true,"href":"https:\/\/trener.awf.poznan.pl\/osiedlowy\/wp-json\/wp\/v2\/users\/1"}],"replies":[{"embeddable":true,"href":"https:\/\/trener.awf.poznan.pl\/osiedlowy\/wp-json\/wp\/v2\/comments?post=14"}],"version-history":[{"count":12,"href":"https:\/\/trener.awf.poznan.pl\/osiedlowy\/wp-json\/wp\/v2\/pages\/14\/revisions"}],"predecessor-version":[{"id":875,"href":"https:\/\/trener.awf.poznan.pl\/osiedlowy\/wp-json\/wp\/v2\/pages\/14\/revisions\/875"}],"wp:attachment":[{"href":"https:\/\/trener.awf.poznan.pl\/osiedlowy\/wp-json\/wp\/v2\/media?parent=14"}],"curies":[{"name":"wp","href":"https:\/\/api.w.org\/{rel}","templated":true}]}}

<p><strong><a href="http://trener.awf.poznan.pl/osiedlowy/wp-content/uploads/2025/04/Regulamin-uczestnictwa-w-programie-T.O-2025.pdf">Regulamin uczestnictwa w programie Trener Osiedlowy</a></strong></p>
<ol>
<li>„Trener Osiedlowy, Trener Senioralny.” jest projektem realizowanym przez Fundację na rzecz Akademii Wychowania Fizycznego im. Eugeniusza Piaseckiego w Poznaniu a finansowanym ze środków Wydziału Sportu Urzędu Miasta Poznania w ramach Poznańskiego Budżetu Obywatelskiego.</li>
<li>Zajęcia mają charakter animacji czasu wolnego dla dzieci i młodzieży, mogą mieć formę stacjonarną lub wyjściową .</li>
<li>Dzieci i młodzież w czasie animacji <strong><u>nie znajdują się pod opieką</u></strong> w prawnym tego słowa znaczeniu, animatora, za wyjątkiem zorganizowanych wyjść.</li>
<li>Poprzez umożliwienie uczestnictwa w zajęciach rodzic lub opiekun prawny dziecka oświadcza, że jego dziecko jest zdrowe i nie ma przeciwwskazań zdrowotnych do udziału w zajęciach.</li>
<li>Szczegółowy plan i program animacji oraz przyporządkowany dla każdego boiska animator, znajduje się na stronie internetowej programu www.trener.awf.poznan.pl.</li>
<li>Dzieci i młodzież w animacji uczestniczą: na własną odpowiedzialność, w przypadku osób pełnoletnich, bądź na odpowiedzialność rodziców lub opiekunów prawnych, w przypadku osób niepełnoletnich.</li>
<li>Osoby, które decydują się uczestniczyć w animacji, mają bezwzględny obowiązek stosowania się do poleceń wydawanych przez animatorów „Trenerów Osiedlowych”.</li>
<li>W czasie uczestnictwa w animacji obowiązuje bezwzględny zakaz spożywania bądź bycia pod wpływem alkoholu czy środków odurzających oraz palenia tytoniu w tym również  papierosów elektronicznych.</li>
<li>W czasie animacji uczestnicy powinni posiadać odzież i obuwie sportowe.</li>
<li>W czasie animacji uczestników obowiązuje kultura osobista oraz zakaz używania niecenzuralnych wyrazów.</li>
<li>Uczestnictwo w animacji oraz imprezach realizowanych w ramach programu jest jednoznaczne z wyrażeniem zgody na: upublicznianie swojego wizerunku przez uczestnika na potrzeby promocji projektu oraz sprawozdawczości, zgodnie z  ustawą z dnia 4 lutego 1994 r. o prawie autorskim i prawach pokrewnych.</li>
<li>Uczestnictwo w zajęciach jest dobrowolne i jednoznaczne z akceptacją powyższego regulaminu.</li>
</ol>
<p>&nbsp;</p>
<p>&nbsp;</p>

<p>Regulamin uczestnictwa w programie Trener Osiedlowy „Trener Osiedlowy, Trener Senioralny.” jest projektem realizowanym przez Fundację na rzecz Akademii Wychowania Fizycznego im. Eugeniusza Piaseckiego w Poznaniu a finansowanym ze środków Wydziału Sportu Urzędu Miasta Poznania w ramach Poznańskiego Budżetu Obywatelskiego. Zajęcia mają charakter animacji czasu wolnego dla dzieci i młodzieży, mogą mieć formę stacjonarną lub wyjściową [&hellip;]</p>
